t h(p) = 160*p**2 - 18*p + 121. What is the tens digit of h(5)?
3
Let f = 72 + -69. Suppose -2*p - f*v = -353, 538 = 3*p + v - 5*v. What is the hundreds digit of p?
1
Let n(h) = 10*h - 102. Let q be n(13). Let x(l) = 2*l**3 - 55*l**2 + 3*l + 43. What is the hundreds digit of x(q)?
9
Let z = 36 + -32. Let f be 2265/10 - 2/z. Suppose 40 = -6*s + f. What is the tens digit of s?
3
Let h(a) = -2*a**2 - 19*a + 22. Let g be h(-10). Suppose 5*j = 2*i - 65, 4*j - g - 1 = -i. What is the tens digit of i?
2
Let z(j) = -48*j + 27. Let f(k) = k**2 + 9*k - 14. Let x be f(-10). What is the units digit of z(x)?
9
Let a(n) = -n**2 + 64. Let y be a(7). Let u(c) = -6*c + 9*c - 34 + 0*c. What is the units digit of u(y)?
1
Let w be (-568)/(-184) + 2/(-23). Suppose 0 = w*u - 720 - 177. What is the hundreds digit of u?
2
Suppose 3*l + 15*q - 16*q = 3131, 2*l - 2082 = 2*q. Suppose 0 = a - 3*m - l, 3*m = a - m - 1040. What is the units digit of a?
0
What is the thousands digit of ((-12)/7)/(-4 + 106225/26558)?
6
Let y be 9 - 3 - (-1 - -2). Suppose 3*l - 5*s - 135 = -0*s, -y*s = -15. What is the tens digit of l?
5
Let m(y) = 127*y**3 + 4*y + 3. Let f be m(2). Suppose 0*d + f = 13*d. What is the tens digit of d?
7
Let j = -19983 + 19992. Suppose y = -12 + 37. Let v = j + y. What is the tens digit of v?
3
Let m = 2600 - 1531. Suppose m + 240 = 11*n. What is the units digit of n?
9
Let w(z) = z**3 + z**2 - 42*z + 98. Let x be w(30). Suppose -1391 = -23*d + x. What is the tens digit of d?
2
Let l be (-1)/(-2) + 2/4. Suppose -3*o = -15, 2*o - 2 = x + l. Suppose 56 = x*t + t. What is the units digit of t?
7
Suppose -3*m = 12, -5*m - 13 - 77 = -u. Let a(b) = b**2 - 4*b - 8. Let n be a(6). Suppose u = y - n*i, -y - 137 = -3*y + 5*i. What is the units digit of y?
6
Suppose 0 = -8*k - 150 - 186. Let y be 7/2*(-48)/k. Suppose b = -5*v - 2*b + 532, 0 = y*v - 2*b - 430. What is the tens digit of v?
0
Suppose -17*k + 10 = -15*k. Suppose -5*l - 35 = -k*p, 4*l - 3*l - 4 = 0. Suppose -p = -2*n + 17. What is the tens digit of n?
1
Suppose 3*q - 4742 = 2*s, 2820 = -5*q + 5*s + 10720. Suppose -4*c - q = -11*c. What is the tens digit of c?
2
Suppose -5*v = -3*n + 507, 0*n + 200 = -2*v + 4*n. Let t be (-2)/((4/v)/(8/12)). Let h = t - 22. What is the units digit of h?
2
Let m(y) = 5006*y - 1165. What is the thousands digit of m(14)?
8
Let f(v) = 2*v**3 - 5*v**2 + 115*v + 47. What is the ten thousands digit of f(22)?
2
Let s(h) = 10*h + 10 + 11*h + 12*h**2 - 22*h. What is the hundreds digit of s(-3)?
1
Let i(t) = -2317*t - 3271. What is the tens digit of i(-6)?
3
What is the units digit of (-966)/70*(-24 - 161)?
3
What is the hundreds digit of 7934/3*(-10 + (-345)/(-30))?
9
Let h = 33 - 13. Suppose -3*t = 3*y + 30, 2*t - 3*t = -5*y - h. Let u(s) = 3*s**2 + 2*s + 17. What is the units digit of u(t)?
2
Suppose -113*l + 55*l + 52*l = -112290. What is the ten thousands digit of l?
1
Let k = -600 + 1757. What is the hundreds digit of k?
1
Let b be 4/(-20) - (0 + (-10744)/20). Suppose 0 = 4*i - 16, i = 3*w - 1925 + b. What is the tens digit of w?
6
Suppose 149*l - 1392 = 152*l. Let n = l + 1850. What is the thousands digit of n?
1
Let x(d) = -2*d**2 + 28*d - 29. Let p(b) = -2*b**2 + 27*b - 29. Let i(m) = -4*p(m) + 3*x(m). Let o be i(9). What is the units digit of 38/((-5)/o*1)?
0
Let w(p) = 280*p**2 + 85*p + 911. What is the tens digit of w(-11)?
5
Suppose 5434 = -33*h + 11*h. What is the tens digit of h/((-2)/(-6 - -10))?
9
Let k be 19068/9*(-6)/(-7). Suppose -19*y = -4188 - k. What is the tens digit of y?
1
Let r = -19 + 56. Let g = r - 88. Let h = g - -151. What is the tens digit of h?
0
Suppose 2*i + 1 = 11. Let w be i/180*28 + 2/9. What is the tens digit of (w - (-8 - 2))*17?
8
Let b = -234 - -235. What is the units digit of b/6 - (4 + 28284/(-72))?
9
Let g(d) = -5*d**3 + d**2 + 2*d + 3. Suppose 9*t = 6*t - 6. What is the units digit of g(t)?
3
Suppose -p - 45 = 11. Let j = p - -58. Suppose 0*y + y - 146 = -3*b, j*y - 4 = 0. What is the units digit of b?
8
Suppose 4*o - 135115 = 5*y, 2*y + 951 - 961 = 0. What is the tens digit of o?
8
Let l be -36*((-1)/3 - 3). Let x = l - -51. Suppose x + 379 = 5*k. What is the units digit of k?
0
Let b be 2390/14 + (-2)/(-7). Suppose 7*j + 110 = -105 + 236. Suppose 0 = j*r + 5*c - b - 169, 3*r + c - 344 = 0. What is the hundreds digit of r?
1
Let i(x) = -9*x**3 + 3*x**2 + 7*x + 5. Let j = -6 - -11. Let p be (10/(-7))/j + (-36)/21. What is the units digit of i(p)?
5
Let k(v) = -4 + 8*v + 1 - 1. Let h(j) = 8*j**2 - 47*j + 3. Let i be h(6). What is the tens digit of k(i)?
6
Let t(w) be the second derivative of -14*w**3 - 229*w**2/2 - 149*w. What is the hundreds digit of t(-13)?
8
Suppose 0 = 3*v - 22 - 35. Let r = 34 - v. Suppose -5*u - 259 = -4*c - 0*u, 0 = -3*u + r. What is the units digit of c?
1
Let q(s) = s**3 - 15*s**2 - 32*s - 5. Let b be q(17). Suppose 4*i + b = m + 352, 3*i = 5*m + 221. What is the units digit of i?
2
Let a(z) be the third derivative of z**4/6 + 13*z**3/2 + z**2. Let k be a(-28). Let l = 156 + k. What is the tens digit of l?
8
Suppose f + 3*b - 327 = -104, 2*f - 473 = 3*b. Let x = f - -29. What is the units digit of x?
1
Suppose -3 = 29*s - 30*s. Let f be 120/36 + 2/s. Suppose -5*g - 170 = -5*t, t + 0*g - f*g - 43 = 0. What is the tens digit of t?
3
Suppose 3*k + 24 = 15*k. Let j be ((-4)/5)/(k*1/(-5)). Suppose -j*c - 1 = -61. What is the units digit of c?
0
Let i = 833 + -636. Suppose 46*r + i = 47*r. What is the tens digit of r?
9
Suppose 2*y - 3047 = n, -3*y + 0*n = 4*n - 4565. Suppose 30*h - 31*h = -5*z - 299, 0 = -5*h - 3*z + y. What is the tens digit of h?
0
Let r(a) = 3*a**2 - 32*a + 25. Suppose 0 = f + 29 - 52. What is the units digit of r(f)?
6
Suppose -5*j = -3*p + 3356, 4*j - 4890 + 362 = -4*p. Let x = 9 + -6. Suppose 4*y + x*y - p = 0. What is the tens digit of y?
6
Suppose 174*s - 219*s + 60840 = 0. What is the hundreds digit of s?
3
Let s = -2170 - -3973. Let d be s/15 + 2/(-10). Suppose -2*w = w - d. What is the tens digit of w?
4
Suppose -43*p = -48*p + 615. What is the hundreds digit of p?
1
Suppose 0 = 21*t - 72778 - 18026. What is the tens digit of t/138*((-2)/4 - -2)?
4
Let r = 188 + -178. Let x(j) = j**3 - 9*j**2 + 26*j - 40. What is the hundreds digit of x(r)?
3
Let t = -4 - -4. Suppose -41 = -10*p + 39. Suppose t = -3*r - p + 62. What is the units digit of r?
8
Let d = 180 + -185. What is the units digit of (5 + (-53 - d))/(-1)?
3
Let p be (2/(-3))/(97/45396). Let x = p + 1258. What is the hundreds digit of x?
9
Let n(m) = 301*m**3 - m**2 - 10*m - 1. Let r(h) = 302*h**3 - h**2 - 8*h - 2. Let b(z) = 2*n(z) - 3*r(z). What is the hundreds digit of b(-1)?
3
Suppose 17 = a + 55. Let p = a + 41. Suppose p*l - 336 = -4*l. What is the units digit of l?
8
Let y(f) = 6*f - 225. Let i be y(38). Suppose -d = -i*d + 5*n + 594, 0 = -d + 4*n + 294. What is the units digit of d?
2
Let o(x) = 3*x - 39. Let c be o(-13). Let f = -23 - c. Suppose 0 = 4*w + f - 415. What is the units digit of w?
0
Let j(b) be the second derivative of -b**5/20 + 4*b**4/3 + 29*b**3/6 + 9*b**2/2 - b - 17. What is the units digit of j(16)?
3
Suppose -118*x + 3059575 - 670722 = -3434093. What is the units digit of x?
7
What is the tens digit of (-9 - (-21 - -6)) + 11404?
1
Suppose -3*v - 6*f + 21350 = -f, -14245 = -2*v - f. What is the thousands digit of v?
7
Suppose -9*z - 789 = -4353. Let h = z - -482. What is the hundreds digit of h?
8
What is the ten thousands digit of (79878/4)/((1/3)/((-6)/(-27)))?
1
Let z be 3 - (7/35 - (-628)/10). What is the hundreds digit of (18/z*4)/(3/(-1760))?
7
Let l(u) = -6*u**2 - 3*u + 11. Let i be ((-2)/9)/(-1) + (-68)/(-18). Let a be l(i). Let f = a - -109. What is the tens digit of f?
1
Suppose 5*g - 2*n - 35 + 14 = 0, 3*g - 9 = 3*n. Suppose -13*o + g*o = -8656. What is the units digit of o?
2
Let k(s) = -3*s + 5*s**2 - 10 - 4*s**2 - 7 + 15. Let c be k(-3). What is the units digit of 3010/c - 9/72?
8
Suppose 5*v + 5 = -4*u + 1, -2*u - 2 = v. Suppose -j = -4*r + 295 - 275, 4*j = -3*r - 4. Suppose -a + 17 - r = v. What is the units digit of a?
3
Let s be 2852 + (-3)/4 + (-39)/12. Suppose 3*w + 547 - s = 0. What is the tens digit of w?
6
What is the hundreds digit of (-51 - 1)*184020/(-240)?
8
Let x be 4 + ((-18)/81 -